{"id":119,"date":"2022-10-19T19:52:05","date_gmt":"2022-10-19T19:52:05","guid":{"rendered":"https:\/\/hpo-moukouti.com\/?page_id=119"},"modified":"2022-12-11T22:05:45","modified_gmt":"2022-12-11T22:05:45","slug":"gouvernance","status":"publish","type":"page","link":"https:\/\/hpo-moukouti.com\/index.php\/gouvernance\/","title":{"rendered":"Gouvernance"},"content":{"rendered":"\t\t<div data-elementor-type=\"wp-page\" data-elementor-id=\"119\" class=\"elementor elementor-119\">\n\t\t\t\t\t\t<section class=\"elementor-section elementor-top-section elementor-element elementor-element-d64701f elementor-section-full_width elementor-section-height-min-height elementor-section-stretched elementor-reverse-mobile elementor-section-height-default elementor-section-items-middle\" data-id=\"d64701f\" data-element_type=\"section\" data-settings=\"{&quot;stretch_section&quot;:&quot;section-stretched&quot;,&quot;background_background&quot;:&quot;classic&quot;}\">\n\t\t\t\t\t\t<div class=\"elementor-container elementor-column-gap-default\">\n\t\t\t\t\t<div class=\"elementor-column elementor-col-50 elementor-top-column elementor-element elementor-element-e228b81\" data-id=\"e228b81\" data-element_type=\"column\">\n\t\t\t<div class=\"elementor-widget-wrap elementor-element-populated\">\n\t\t\t\t\t\t<section class=\"elementor-section elementor-inner-section elementor-element elementor-element-7c69871 elementor-section-boxed elementor-section-height-default elementor-section-height-default\" data-id=\"7c69871\" data-element_type=\"section\">\n\t\t\t\t\t\t<div class=\"elementor-container elementor-column-gap-default\">\n\t\t\t\t\t<div class=\"elementor-column elementor-col-50 elementor-inner-column elementor-element elementor-element-58fdcad\" data-id=\"58fdcad\" data-element_type=\"column\">\n\t\t\t<div class=\"elementor-widget-wrap\">\n\t\t\t\t\t\t\t<\/div>\n\t\t<\/div>\n\t\t\t\t<div class=\"elementor-column elementor-col-50 elementor-inner-column elementor-element elementor-element-81cc7a7\" data-id=\"81cc7a7\" data-element_type=\"column\">\n\t\t\t<div class=\"elementor-widget-wrap elementor-element-populated\">\n\t\t\t\t\t\t<div class=\"elementor-element elementor-element-a1ae0da elementor-widget elementor-widget-heading\" data-id=\"a1ae0da\" data-element_type=\"widget\" data-widget_type=\"heading.default\">\n\t\t\t\t<div class=\"elementor-widget-container\">\n\t\t\t<h2 class=\"elementor-heading-title elementor-size-default\">Gouvernance<\/h2>\t\t<\/div>\n\t\t\t\t<\/div>\n\t\t\t\t\t<\/div>\n\t\t<\/div>\n\t\t\t\t\t<\/div>\n\t\t<\/section>\n\t\t\t\t\t<\/div>\n\t\t<\/div>\n\t\t\t\t<div class=\"elementor-column elementor-col-50 elementor-top-column elementor-element elementor-element-cbb287f\" data-id=\"cbb287f\" data-element_type=\"column\" data-settings=\"{&quot;background_background&quot;:&quot;classic&quot;}\">\n\t\t\t<div class=\"elementor-widget-wrap elementor-element-populated\">\n\t\t\t\t\t\t<div class=\"elementor-element elementor-element-774d5eb elementor-widget elementor-widget-image\" data-id=\"774d5eb\" data-element_type=\"widget\" data-widget_type=\"image.default\">\n\t\t\t\t<div class=\"elementor-widget-container\">\n\t\t\t\t\t\t\t\t\t\t\t\t\t<img fetchpriority=\"high\" decoding=\"async\" width=\"1024\" height=\"653\" src=\"https:\/\/hpo-moukouti.com\/wp-content\/uploads\/2022\/10\/kl-main-building-d-Kopie-e1666206809130-1024x653.jpg\" class=\"attachment-large size-large wp-image-102\" alt=\"\" \/>\t\t\t\t\t\t\t\t\t\t\t\t\t<\/div>\n\t\t\t\t<\/div>\n\t\t\t\t\t<\/div>\n\t\t<\/div>\n\t\t\t\t\t<\/div>\n\t\t<\/section>\n\t\t\t\t<section class=\"elementor-section elementor-top-section elementor-element elementor-element-17a0bc5 elementor-section-full_width elementor-section-stretched elementor-section-height-default elementor-section-height-default\" data-id=\"17a0bc5\" data-element_type=\"section\" data-settings=\"{&quot;stretch_section&quot;:&quot;section-stretched&quot;}\">\n\t\t\t\t\t\t\t<div class=\"elementor-background-overlay\"><\/div>\n\t\t\t\t\t\t\t<div class=\"elementor-container elementor-column-gap-default\">\n\t\t\t\t\t<div class=\"elementor-column elementor-col-100 elementor-top-column elementor-element elementor-element-12cfb3b\" data-id=\"12cfb3b\" data-element_type=\"column\">\n\t\t\t<div class=\"elementor-widget-wrap elementor-element-populated\">\n\t\t\t\t\t\t<div class=\"elementor-element elementor-element-c370d77 elementor-widget elementor-widget-spacer\" data-id=\"c370d77\" data-element_type=\"widget\" data-widget_type=\"spacer.default\">\n\t\t\t\t<div class=\"elementor-widget-container\">\n\t\t\t\t\t<div class=\"elementor-spacer\">\n\t\t\t<div class=\"elementor-spacer-inner\"><\/div>\n\t\t<\/div>\n\t\t\t\t<\/div>\n\t\t\t\t<\/div>\n\t\t\t\t<section class=\"elementor-section elementor-inner-section elementor-element elementor-element-2a8873a elementor-section-boxed elementor-section-height-default elementor-section-height-default\" data-id=\"2a8873a\" data-element_type=\"section\">\n\t\t\t\t\t\t<div class=\"elementor-container elementor-column-gap-default\">\n\t\t\t\t\t<div class=\"elementor-column elementor-col-100 elementor-inner-column elementor-element elementor-element-0936f6a\" data-id=\"0936f6a\" data-element_type=\"column\">\n\t\t\t<div class=\"elementor-widget-wrap elementor-element-populated\">\n\t\t\t\t\t\t<div class=\"elementor-element elementor-element-a0db9fa elementor-widget elementor-widget-text-editor\" data-id=\"a0db9fa\" data-element_type=\"widget\" data-widget_type=\"text-editor.default\">\n\t\t\t\t<div class=\"elementor-widget-container\">\n\t\t\t\t\t\t\t<p>Pour l\u2019heure, la SCI MOUKOUTI est une soci\u00e9t\u00e9 civile immobili\u00e8re qui fonctionne conform\u00e9ment \u00e0 l\u2019acte uniforme OHADA relatif au droit des soci\u00e9t\u00e9s commerciales et du Groupement d\u2019Int\u00e9r\u00eat Economique, et aux lois et r\u00e8glements en vigueur en R\u00e9publique gabonaise. Ses organes de gouvernance sont les suivants:<\/p><ul><li>Assembl\u00e9e g\u00e9n\u00e9rale<\/li><li>Administration<\/li><\/ul><p>Les \u00e9tats financiers annuels sont certifi\u00e9s par un commissaire aux comptes mandat\u00e9 et par la pr\u00e9sence d\u2019une \u00e9quipe dynamique qui dirige l\u2019entreprise de la mani\u00e8re la plus optimale possible, tout en prot\u00e9geant les int\u00e9r\u00eats des parties prenantes.\u00a0<\/p>\t\t\t\t\t\t<\/div>\n\t\t\t\t<\/div>\n\t\t\t\t\t<\/div>\n\t\t<\/div>\n\t\t\t\t\t<\/div>\n\t\t<\/section>\n\t\t\t\t\t<\/div>\n\t\t<\/div>\n\t\t\t\t\t<\/div>\n\t\t<\/section>\n\t\t\t\t<\/div>\n\t\t","protected":false},"excerpt":{"rendered":"<p>Gouvernance Pour l\u2019heure, la SCI MOUKOUTI est une soci\u00e9t\u00e9 civile immobili\u00e8re qui fonctionne conform\u00e9ment \u00e0 l\u2019acte uniforme OHADA relatif au droit des soci\u00e9t\u00e9s commerciales et du Groupement d\u2019Int\u00e9r\u00eat Economique, et aux lois et r\u00e8glements en vigueur en R\u00e9publique gabonaise. Ses organes de gouvernance sont les suivants: Assembl\u00e9e g\u00e9n\u00e9rale Administration Les \u00e9tats financiers annuels sont certifi\u00e9s [&hellip;]<\/p>\n","protected":false},"author":1,"featured_media":0,"parent":0,"menu_order":0,"comment_status":"closed","ping_status":"closed","template":"","meta":{"ocean_post_layout":"full-width","ocean_both_sidebars_style":"","ocean_both_sidebars_content_width":0,"ocean_both_sidebars_sidebars_width":0,"ocean_sidebar":"0","ocean_second_sidebar":"0","ocean_disable_margins":"enable","ocean_add_body_class":"","ocean_shortcode_before_top_bar":"","ocean_shortcode_after_top_bar":"","ocean_shortcode_before_header":"","ocean_shortcode_after_header":"","ocean_has_shortcode":"","ocean_shortcode_after_title":"","ocean_shortcode_before_footer_widgets":"","ocean_shortcode_after_footer_widgets":"","ocean_shortcode_before_footer_bottom":"","ocean_shortcode_after_footer_bottom":"","ocean_display_top_bar":"default","ocean_display_header":"default","ocean_header_style":"","ocean_center_header_left_menu":"0","ocean_custom_header_template":"0","ocean_custom_logo":0,"ocean_custom_retina_logo":0,"ocean_custom_logo_max_width":0,"ocean_custom_logo_tablet_max_width":0,"ocean_custom_logo_mobile_max_width":0,"ocean_custom_logo_max_height":0,"ocean_custom_logo_tablet_max_height":0,"ocean_custom_logo_mobile_max_height":0,"ocean_header_custom_menu":"0","ocean_menu_typo_font_family":"0","ocean_menu_typo_font_subset":"","ocean_menu_typo_font_size":0,"ocean_menu_typo_font_size_tablet":0,"ocean_menu_typo_font_size_mobile":0,"ocean_menu_typo_font_size_unit":"px","ocean_menu_typo_font_weight":"","ocean_menu_typo_font_weight_tablet":"","ocean_menu_typo_font_weight_mobile":"","ocean_menu_typo_transform":"","ocean_menu_typo_transform_tablet":"","ocean_menu_typo_transform_mobile":"","ocean_menu_typo_line_height":0,"ocean_menu_typo_line_height_tablet":0,"ocean_menu_typo_line_height_mobile":0,"ocean_menu_typo_line_height_unit":"","ocean_menu_typo_spacing":0,"ocean_menu_typo_spacing_tablet":0,"ocean_menu_typo_spacing_mobile":0,"ocean_menu_typo_spacing_unit":"","ocean_menu_link_color":"","ocean_menu_link_color_hover":"","ocean_menu_link_color_active":"","ocean_menu_link_background":"","ocean_menu_link_hover_background":"","ocean_menu_link_active_background":"","ocean_menu_social_links_bg":"","ocean_menu_social_hover_links_bg":"","ocean_menu_social_links_color":"","ocean_menu_social_hover_links_color":"","ocean_disable_title":"default","ocean_disable_heading":"default","ocean_post_title":"","ocean_post_subheading":"","ocean_post_title_style":"","ocean_post_title_background_color":"","ocean_post_title_background":0,"ocean_post_title_bg_image_position":"","ocean_post_title_bg_image_attachment":"","ocean_post_title_bg_image_repeat":"","ocean_post_title_bg_image_size":"","ocean_post_title_height":0,"ocean_post_title_bg_overlay":0.5,"ocean_post_title_bg_overlay_color":"","ocean_disable_breadcrumbs":"default","ocean_breadcrumbs_color":"","ocean_breadcrumbs_separator_color":"","ocean_breadcrumbs_links_color":"","ocean_breadcrumbs_links_hover_color":"","ocean_display_footer_widgets":"default","ocean_display_footer_bottom":"default","ocean_custom_footer_template":"0","footnotes":""},"class_list":["post-119","page","type-page","status-publish","hentry","entry"],"yoast_head":"<!-- This site is optimized with the Yoast SEO plugin v23.4 - https:\/\/yoast.com\/wordpress\/plugins\/seo\/ -->\n<title>Gouvernance - SCI Moukouti<\/title>\n<meta name=\"robots\" content=\"index, follow, max-snippet:-1, max-image-preview:large, max-video-preview:-1\" \/>\n<link rel=\"canonical\" href=\"https:\/\/hpo-moukouti.com\/index.php\/gouvernance\/\" \/>\n<meta property=\"og:locale\" content=\"fr_FR\" \/>\n<meta property=\"og:type\" content=\"article\" \/>\n<meta property=\"og:title\" content=\"Gouvernance - SCI Moukouti\" \/>\n<meta property=\"og:description\" content=\"Gouvernance Pour l\u2019heure, la SCI MOUKOUTI est une soci\u00e9t\u00e9 civile immobili\u00e8re qui fonctionne conform\u00e9ment \u00e0 l\u2019acte uniforme OHADA relatif au droit des soci\u00e9t\u00e9s commerciales et du Groupement d\u2019Int\u00e9r\u00eat Economique, et aux lois et r\u00e8glements en vigueur en R\u00e9publique gabonaise. Ses organes de gouvernance sont les suivants: Assembl\u00e9e g\u00e9n\u00e9rale Administration Les \u00e9tats financiers annuels sont certifi\u00e9s [&hellip;]\" \/>\n<meta property=\"og:url\" content=\"https:\/\/hpo-moukouti.com\/index.php\/gouvernance\/\" \/>\n<meta property=\"og:site_name\" content=\"SCI Moukouti\" \/>\n<meta property=\"article:modified_time\" content=\"2022-12-11T22:05:45+00:00\" \/>\n<meta property=\"og:image\" content=\"https:\/\/hpo-moukouti.com\/wp-content\/uploads\/2022\/10\/kl-main-building-d-Kopie-e1666206809130-1024x653.jpg\" \/>\n<meta name=\"twitter:card\" content=\"summary_large_image\" \/>\n<meta name=\"twitter:label1\" content=\"Dur\u00e9e de lecture estim\u00e9e\" \/>\n\t<meta name=\"twitter:data1\" content=\"1 minute\" \/>\n<script type=\"application\/ld+json\" class=\"yoast-schema-graph\">{\"@context\":\"https:\/\/schema.org\",\"@graph\":[{\"@type\":\"WebPage\",\"@id\":\"https:\/\/hpo-moukouti.com\/index.php\/gouvernance\/\",\"url\":\"https:\/\/hpo-moukouti.com\/index.php\/gouvernance\/\",\"name\":\"Gouvernance - SCI Moukouti\",\"isPartOf\":{\"@id\":\"https:\/\/hpo-moukouti.com\/#website\"},\"primaryImageOfPage\":{\"@id\":\"https:\/\/hpo-moukouti.com\/index.php\/gouvernance\/#primaryimage\"},\"image\":{\"@id\":\"https:\/\/hpo-moukouti.com\/index.php\/gouvernance\/#primaryimage\"},\"thumbnailUrl\":\"https:\/\/hpo-moukouti.com\/wp-content\/uploads\/2022\/10\/kl-main-building-d-Kopie-e1666206809130-1024x653.jpg\",\"datePublished\":\"2022-10-19T19:52:05+00:00\",\"dateModified\":\"2022-12-11T22:05:45+00:00\",\"breadcrumb\":{\"@id\":\"https:\/\/hpo-moukouti.com\/index.php\/gouvernance\/#breadcrumb\"},\"inLanguage\":\"fr-FR\",\"potentialAction\":[{\"@type\":\"ReadAction\",\"target\":[\"https:\/\/hpo-moukouti.com\/index.php\/gouvernance\/\"]}]},{\"@type\":\"ImageObject\",\"inLanguage\":\"fr-FR\",\"@id\":\"https:\/\/hpo-moukouti.com\/index.php\/gouvernance\/#primaryimage\",\"url\":\"https:\/\/hpo-moukouti.com\/wp-content\/uploads\/2022\/10\/kl-main-building-d-Kopie-e1666206809130-1024x653.jpg\",\"contentUrl\":\"https:\/\/hpo-moukouti.com\/wp-content\/uploads\/2022\/10\/kl-main-building-d-Kopie-e1666206809130-1024x653.jpg\"},{\"@type\":\"BreadcrumbList\",\"@id\":\"https:\/\/hpo-moukouti.com\/index.php\/gouvernance\/#breadcrumb\",\"itemListElement\":[{\"@type\":\"ListItem\",\"position\":1,\"name\":\"Accueil\",\"item\":\"https:\/\/hpo-moukouti.com\/\"},{\"@type\":\"ListItem\",\"position\":2,\"name\":\"Gouvernance\"}]},{\"@type\":\"WebSite\",\"@id\":\"https:\/\/hpo-moukouti.com\/#website\",\"url\":\"https:\/\/hpo-moukouti.com\/\",\"name\":\"SCI Moukouti\",\"description\":\"\",\"publisher\":{\"@id\":\"https:\/\/hpo-moukouti.com\/#organization\"},\"potentialAction\":[{\"@type\":\"SearchAction\",\"target\":{\"@type\":\"EntryPoint\",\"urlTemplate\":\"https:\/\/hpo-moukouti.com\/?s={search_term_string}\"},\"query-input\":{\"@type\":\"PropertyValueSpecification\",\"valueRequired\":true,\"valueName\":\"search_term_string\"}}],\"inLanguage\":\"fr-FR\"},{\"@type\":\"Organization\",\"@id\":\"https:\/\/hpo-moukouti.com\/#organization\",\"name\":\"SCI Moukouti\",\"url\":\"https:\/\/hpo-moukouti.com\/\",\"logo\":{\"@type\":\"ImageObject\",\"inLanguage\":\"fr-FR\",\"@id\":\"https:\/\/hpo-moukouti.com\/#\/schema\/logo\/image\/\",\"url\":\"https:\/\/hpo-moukouti.com\/wp-content\/uploads\/2023\/01\/LOGO-HPO-MOUKOUTI-2-1.png\",\"contentUrl\":\"https:\/\/hpo-moukouti.com\/wp-content\/uploads\/2023\/01\/LOGO-HPO-MOUKOUTI-2-1.png\",\"width\":696,\"height\":737,\"caption\":\"SCI Moukouti\"},\"image\":{\"@id\":\"https:\/\/hpo-moukouti.com\/#\/schema\/logo\/image\/\"}}]}<\/script>\n<!-- \/ Yoast SEO plugin. -->","yoast_head_json":{"title":"Gouvernance - SCI Moukouti","robots":{"index":"index","follow":"follow","max-snippet":"max-snippet:-1","max-image-preview":"max-image-preview:large","max-video-preview":"max-video-preview:-1"},"canonical":"https:\/\/hpo-moukouti.com\/index.php\/gouvernance\/","og_locale":"fr_FR","og_type":"article","og_title":"Gouvernance - SCI Moukouti","og_description":"Gouvernance Pour l\u2019heure, la SCI MOUKOUTI est une soci\u00e9t\u00e9 civile immobili\u00e8re qui fonctionne conform\u00e9ment \u00e0 l\u2019acte uniforme OHADA relatif au droit des soci\u00e9t\u00e9s commerciales et du Groupement d\u2019Int\u00e9r\u00eat Economique, et aux lois et r\u00e8glements en vigueur en R\u00e9publique gabonaise. Ses organes de gouvernance sont les suivants: Assembl\u00e9e g\u00e9n\u00e9rale Administration Les \u00e9tats financiers annuels sont certifi\u00e9s [&hellip;]","og_url":"https:\/\/hpo-moukouti.com\/index.php\/gouvernance\/","og_site_name":"SCI Moukouti","article_modified_time":"2022-12-11T22:05:45+00:00","og_image":[{"url":"https:\/\/hpo-moukouti.com\/wp-content\/uploads\/2022\/10\/kl-main-building-d-Kopie-e1666206809130-1024x653.jpg"}],"twitter_card":"summary_large_image","twitter_misc":{"Dur\u00e9e de lecture estim\u00e9e":"1 minute"},"schema":{"@context":"https:\/\/schema.org","@graph":[{"@type":"WebPage","@id":"https:\/\/hpo-moukouti.com\/index.php\/gouvernance\/","url":"https:\/\/hpo-moukouti.com\/index.php\/gouvernance\/","name":"Gouvernance - SCI Moukouti","isPartOf":{"@id":"https:\/\/hpo-moukouti.com\/#website"},"primaryImageOfPage":{"@id":"https:\/\/hpo-moukouti.com\/index.php\/gouvernance\/#primaryimage"},"image":{"@id":"https:\/\/hpo-moukouti.com\/index.php\/gouvernance\/#primaryimage"},"thumbnailUrl":"https:\/\/hpo-moukouti.com\/wp-content\/uploads\/2022\/10\/kl-main-building-d-Kopie-e1666206809130-1024x653.jpg","datePublished":"2022-10-19T19:52:05+00:00","dateModified":"2022-12-11T22:05:45+00:00","breadcrumb":{"@id":"https:\/\/hpo-moukouti.com\/index.php\/gouvernance\/#breadcrumb"},"inLanguage":"fr-FR","potentialAction":[{"@type":"ReadAction","target":["https:\/\/hpo-moukouti.com\/index.php\/gouvernance\/"]}]},{"@type":"ImageObject","inLanguage":"fr-FR","@id":"https:\/\/hpo-moukouti.com\/index.php\/gouvernance\/#primaryimage","url":"https:\/\/hpo-moukouti.com\/wp-content\/uploads\/2022\/10\/kl-main-building-d-Kopie-e1666206809130-1024x653.jpg","contentUrl":"https:\/\/hpo-moukouti.com\/wp-content\/uploads\/2022\/10\/kl-main-building-d-Kopie-e1666206809130-1024x653.jpg"},{"@type":"BreadcrumbList","@id":"https:\/\/hpo-moukouti.com\/index.php\/gouvernance\/#breadcrumb","itemListElement":[{"@type":"ListItem","position":1,"name":"Accueil","item":"https:\/\/hpo-moukouti.com\/"},{"@type":"ListItem","position":2,"name":"Gouvernance"}]},{"@type":"WebSite","@id":"https:\/\/hpo-moukouti.com\/#website","url":"https:\/\/hpo-moukouti.com\/","name":"SCI Moukouti","description":"","publisher":{"@id":"https:\/\/hpo-moukouti.com\/#organization"},"potentialAction":[{"@type":"SearchAction","target":{"@type":"EntryPoint","urlTemplate":"https:\/\/hpo-moukouti.com\/?s={search_term_string}"},"query-input":{"@type":"PropertyValueSpecification","valueRequired":true,"valueName":"search_term_string"}}],"inLanguage":"fr-FR"},{"@type":"Organization","@id":"https:\/\/hpo-moukouti.com\/#organization","name":"SCI Moukouti","url":"https:\/\/hpo-moukouti.com\/","logo":{"@type":"ImageObject","inLanguage":"fr-FR","@id":"https:\/\/hpo-moukouti.com\/#\/schema\/logo\/image\/","url":"https:\/\/hpo-moukouti.com\/wp-content\/uploads\/2023\/01\/LOGO-HPO-MOUKOUTI-2-1.png","contentUrl":"https:\/\/hpo-moukouti.com\/wp-content\/uploads\/2023\/01\/LOGO-HPO-MOUKOUTI-2-1.png","width":696,"height":737,"caption":"SCI Moukouti"},"image":{"@id":"https:\/\/hpo-moukouti.com\/#\/schema\/logo\/image\/"}}]}},"_links":{"self":[{"href":"https:\/\/hpo-moukouti.com\/index.php\/wp-json\/wp\/v2\/pages\/119","targetHints":{"allow":["GET"]}}],"collection":[{"href":"https:\/\/hpo-moukouti.com\/index.php\/wp-json\/wp\/v2\/pages"}],"about":[{"href":"https:\/\/hpo-moukouti.com\/index.php\/wp-json\/wp\/v2\/types\/page"}],"author":[{"embeddable":true,"href":"https:\/\/hpo-moukouti.com\/index.php\/wp-json\/wp\/v2\/users\/1"}],"replies":[{"embeddable":true,"href":"https:\/\/hpo-moukouti.com\/index.php\/wp-json\/wp\/v2\/comments?post=119"}],"version-history":[{"count":25,"href":"https:\/\/hpo-moukouti.com\/index.php\/wp-json\/wp\/v2\/pages\/119\/revisions"}],"predecessor-version":[{"id":973,"href":"https:\/\/hpo-moukouti.com\/index.php\/wp-json\/wp\/v2\/pages\/119\/revisions\/973"}],"wp:attachment":[{"href":"https:\/\/hpo-moukouti.com\/index.php\/wp-json\/wp\/v2\/media?parent=119"}],"curies":[{"name":"wp","href":"https:\/\/api.w.org\/{rel}","templated":true}]}}